{"id":1047908,"date":"2025-12-21T10:16:23","date_gmt":"2025-12-21T09:16:23","guid":{"rendered":"https:\/\/stilanddesign.se\/?post_type=product&#038;p=1047908"},"modified":"2025-12-22T13:24:29","modified_gmt":"2025-12-22T12:24:29","slug":"fin-tunika-klanning-i-en-harlig-rod-farg","status":"publish","type":"product","link":"https:\/\/stilanddesign.se\/en\/product\/fin-tunika-klanning-i-en-harlig-rod-farg\/","title":{"rendered":"Nice tunic\/dress in a lovely red color"},"content":{"rendered":"<h1 class=\"alt-font\">Tunic\/dress in red with ruffle at the front<\/h1>\n<p>V-neck at the front and a small collar<\/p>\n<p>Has a ruffled edge around the v-neckline and a bit down<\/p>\n<p>Long sleeves with a ruffle at the cuffs<\/p>\n<p><strong>Length from shoulder to bottom is: 94 cm<\/strong><\/p>\n<p>One size, fits approx. 34-42<\/p>\n<p><strong>Material:100% polyester<\/strong><\/p>\n<p>Washing instructions: 30 degrees<\/p>\n<p>&nbsp;<\/p>","protected":false},"excerpt":{"rendered":"<h1 class=\"alt-font\">Tunic\/dress in red with ruffle at the front<\/h1>\n<p>V-neck at the front and a small collar<\/p>\n<p>Has a ruffled edge around the v-neckline and a bit down<\/p>\n<p>Long sleeves with a ruffle at the cuffs<\/p>\n<p><strong>Length from shoulder to bottom is: 94 cm<\/strong><\/p>\n<p>One size, fits approx. 34-42<\/p>\n<p><strong>Material:100% polyester<\/strong><\/p>\n<p>Washing instructions: 30 degrees<\/p>","protected":false},"featured_media":1047905,"comment_status":"closed","ping_status":"closed","template":"","meta":[],"product_brand":[],"product_cat":[209],"product_tag":[],"class_list":{"0":"post-1047908","1":"product","2":"type-product","3":"status-publish","4":"has-post-thumbnail","6":"product_cat-reaprodukter","8":"first","9":"outofstock","10":"taxable","11":"shipping-taxable","12":"product-type-variable"},"yoast_head":"<!-- This site is optimized with the Yoast SEO Premium plugin v27.4 (Yoast SEO v27.5) - https:\/\/yoast.com\/product\/yoast-seo-premium-wordpress\/ -->\n<title>Fin tunika\/kl\u00e4nning i en h\u00e4rlig r\u00f6d f\u00e4rg - Stil &amp; Design<\/title>\n<meta name=\"robots\" content=\"index, follow, max-snippet:-1, max-image-preview:large, max-video-preview:-1\" \/>\n<link rel=\"canonical\" href=\"https:\/\/stilanddesign.se\/en\/product\/fin-tunika-klanning-i-en-harlig-rod-farg\/\" \/>\n<meta property=\"og:locale\" content=\"en_US\" \/>\n<meta property=\"og:type\" content=\"article\" \/>\n<meta property=\"og:title\" content=\"Fin tunika\/kl\u00e4nning i en h\u00e4rlig r\u00f6d f\u00e4rg\" \/>\n<meta property=\"og:description\" content=\"Tunika\/kl\u00e4nning i r\u00f6tt med volang framtill V-ringad framtill och en liten krage  Har en volangkant runt v-ringningen och en bit ner  L\u00e5ng \u00e4rm med en volang i \u00e4rmslut  L\u00e4ngd fr\u00e5n axel och ner \u00e4r: 94 cm  One size,passar ca 34-42  Material:100% polyester  Tv\u00e4ttr\u00e5d: 30 grader\" \/>\n<meta property=\"og:url\" content=\"https:\/\/stilanddesign.se\/en\/product\/fin-tunika-klanning-i-en-harlig-rod-farg\/\" \/>\n<meta property=\"og:site_name\" content=\"Stil &amp; Design\" \/>\n<meta property=\"article:modified_time\" content=\"2025-12-22T12:24:29+00:00\" \/>\n<meta property=\"og:image\" content=\"https:\/\/stilanddesign.se\/wp-content\/uploads\/2025\/09\/4131231211-rotated.jpg\" \/>\n\t<meta property=\"og:image:width\" content=\"480\" \/>\n\t<meta property=\"og:image:height\" content=\"640\" \/>\n\t<meta property=\"og:image:type\" content=\"image\/jpeg\" \/>\n<meta name=\"twitter:card\" content=\"summary_large_image\" \/>\n<meta name=\"twitter:label1\" content=\"Est. reading time\" \/>\n\t<meta name=\"twitter:data1\" content=\"1 minute\" \/>\n<script type=\"application\/ld+json\" class=\"yoast-schema-graph\">{\"@context\":\"https:\\\/\\\/schema.org\",\"@graph\":[{\"@type\":\"WebPage\",\"@id\":\"https:\\\/\\\/stilanddesign.se\\\/produkt\\\/fin-tunika-klanning-i-en-harlig-rod-farg\\\/\",\"url\":\"https:\\\/\\\/stilanddesign.se\\\/produkt\\\/fin-tunika-klanning-i-en-harlig-rod-farg\\\/\",\"name\":\"Fin tunika\\\/kl\u00e4nning i en h\u00e4rlig r\u00f6d f\u00e4rg - Stil &amp; Design\",\"isPartOf\":{\"@id\":\"https:\\\/\\\/stilanddesign.se\\\/#website\"},\"primaryImageOfPage\":{\"@id\":\"https:\\\/\\\/stilanddesign.se\\\/produkt\\\/fin-tunika-klanning-i-en-harlig-rod-farg\\\/#primaryimage\"},\"image\":{\"@id\":\"https:\\\/\\\/stilanddesign.se\\\/produkt\\\/fin-tunika-klanning-i-en-harlig-rod-farg\\\/#primaryimage\"},\"thumbnailUrl\":\"https:\\\/\\\/stilanddesign.se\\\/wp-content\\\/uploads\\\/2025\\\/09\\\/4131231211-rotated.jpg\",\"datePublished\":\"2025-12-21T09:16:23+00:00\",\"dateModified\":\"2025-12-22T12:24:29+00:00\",\"breadcrumb\":{\"@id\":\"https:\\\/\\\/stilanddesign.se\\\/produkt\\\/fin-tunika-klanning-i-en-harlig-rod-farg\\\/#breadcrumb\"},\"inLanguage\":\"en-US\",\"potentialAction\":[{\"@type\":\"ReadAction\",\"target\":[\"https:\\\/\\\/stilanddesign.se\\\/produkt\\\/fin-tunika-klanning-i-en-harlig-rod-farg\\\/\"]}]},{\"@type\":\"ImageObject\",\"inLanguage\":\"en-US\",\"@id\":\"https:\\\/\\\/stilanddesign.se\\\/produkt\\\/fin-tunika-klanning-i-en-harlig-rod-farg\\\/#primaryimage\",\"url\":\"https:\\\/\\\/stilanddesign.se\\\/wp-content\\\/uploads\\\/2025\\\/09\\\/4131231211-rotated.jpg\",\"contentUrl\":\"https:\\\/\\\/stilanddesign.se\\\/wp-content\\\/uploads\\\/2025\\\/09\\\/4131231211-rotated.jpg\",\"width\":480,\"height\":640,\"caption\":\"Fin tunika\\\/kl\u00e4nning i r\u00f6tt med volanger\"},{\"@type\":\"BreadcrumbList\",\"@id\":\"https:\\\/\\\/stilanddesign.se\\\/produkt\\\/fin-tunika-klanning-i-en-harlig-rod-farg\\\/#breadcrumb\",\"itemListElement\":[{\"@type\":\"ListItem\",\"position\":1,\"name\":\"Hem\",\"item\":\"https:\\\/\\\/stilanddesign.se\\\/\"},{\"@type\":\"ListItem\",\"position\":2,\"name\":\"Butiken\",\"item\":\"https:\\\/\\\/stilanddesign.se\\\/butiken\\\/\"},{\"@type\":\"ListItem\",\"position\":3,\"name\":\"Fin tunika\\\/kl\u00e4nning i en h\u00e4rlig r\u00f6d f\u00e4rg\"}]},{\"@type\":\"WebSite\",\"@id\":\"https:\\\/\\\/stilanddesign.se\\\/#website\",\"url\":\"https:\\\/\\\/stilanddesign.se\\\/\",\"name\":\"Stil &amp; Design\",\"description\":\"F\u00f6r oss som \u00e4lskar mode!\",\"publisher\":{\"@id\":\"https:\\\/\\\/stilanddesign.se\\\/#organization\"},\"potentialAction\":[{\"@type\":\"SearchAction\",\"target\":{\"@type\":\"EntryPoint\",\"urlTemplate\":\"https:\\\/\\\/stilanddesign.se\\\/?s={search_term_string}\"},\"query-input\":{\"@type\":\"PropertyValueSpecification\",\"valueRequired\":true,\"valueName\":\"search_term_string\"}}],\"inLanguage\":\"en-US\"},{\"@type\":\"Organization\",\"@id\":\"https:\\\/\\\/stilanddesign.se\\\/#organization\",\"name\":\"Stil &amp; Design\",\"url\":\"https:\\\/\\\/stilanddesign.se\\\/\",\"logo\":{\"@type\":\"ImageObject\",\"inLanguage\":\"en-US\",\"@id\":\"https:\\\/\\\/stilanddesign.se\\\/#\\\/schema\\\/logo\\\/image\\\/\",\"url\":\"https:\\\/\\\/stilanddesign.se\\\/wp-content\\\/uploads\\\/2023\\\/12\\\/output-onlinepngtools-e1727784413220.png\",\"contentUrl\":\"https:\\\/\\\/stilanddesign.se\\\/wp-content\\\/uploads\\\/2023\\\/12\\\/output-onlinepngtools-e1727784413220.png\",\"width\":519,\"height\":135,\"caption\":\"Stil &amp; Design\"},\"image\":{\"@id\":\"https:\\\/\\\/stilanddesign.se\\\/#\\\/schema\\\/logo\\\/image\\\/\"}}]}<\/script>\n<!-- \/ Yoast SEO Premium plugin. -->","yoast_head_json":{"title":"Fin tunika\/kl\u00e4nning i en h\u00e4rlig r\u00f6d f\u00e4rg - Stil &amp; Design","robots":{"index":"index","follow":"follow","max-snippet":"max-snippet:-1","max-image-preview":"max-image-preview:large","max-video-preview":"max-video-preview:-1"},"canonical":"https:\/\/stilanddesign.se\/en\/product\/fin-tunika-klanning-i-en-harlig-rod-farg\/","og_locale":"en_US","og_type":"article","og_title":"Fin tunika\/kl\u00e4nning i en h\u00e4rlig r\u00f6d f\u00e4rg","og_description":"Tunika\/kl\u00e4nning i r\u00f6tt med volang framtill V-ringad framtill och en liten krage  Har en volangkant runt v-ringningen och en bit ner  L\u00e5ng \u00e4rm med en volang i \u00e4rmslut  L\u00e4ngd fr\u00e5n axel och ner \u00e4r: 94 cm  One size,passar ca 34-42  Material:100% polyester  Tv\u00e4ttr\u00e5d: 30 grader","og_url":"https:\/\/stilanddesign.se\/en\/product\/fin-tunika-klanning-i-en-harlig-rod-farg\/","og_site_name":"Stil &amp; Design","article_modified_time":"2025-12-22T12:24:29+00:00","og_image":[{"width":480,"height":640,"url":"https:\/\/stilanddesign.se\/wp-content\/uploads\/2025\/09\/4131231211-rotated.jpg","type":"image\/jpeg"}],"twitter_card":"summary_large_image","twitter_misc":{"Est. reading time":"1 minute"},"schema":{"@context":"https:\/\/schema.org","@graph":[{"@type":"WebPage","@id":"https:\/\/stilanddesign.se\/produkt\/fin-tunika-klanning-i-en-harlig-rod-farg\/","url":"https:\/\/stilanddesign.se\/produkt\/fin-tunika-klanning-i-en-harlig-rod-farg\/","name":"Fin tunika\/kl\u00e4nning i en h\u00e4rlig r\u00f6d f\u00e4rg - Stil &amp; Design","isPartOf":{"@id":"https:\/\/stilanddesign.se\/#website"},"primaryImageOfPage":{"@id":"https:\/\/stilanddesign.se\/produkt\/fin-tunika-klanning-i-en-harlig-rod-farg\/#primaryimage"},"image":{"@id":"https:\/\/stilanddesign.se\/produkt\/fin-tunika-klanning-i-en-harlig-rod-farg\/#primaryimage"},"thumbnailUrl":"https:\/\/stilanddesign.se\/wp-content\/uploads\/2025\/09\/4131231211-rotated.jpg","datePublished":"2025-12-21T09:16:23+00:00","dateModified":"2025-12-22T12:24:29+00:00","breadcrumb":{"@id":"https:\/\/stilanddesign.se\/produkt\/fin-tunika-klanning-i-en-harlig-rod-farg\/#breadcrumb"},"inLanguage":"en-US","potentialAction":[{"@type":"ReadAction","target":["https:\/\/stilanddesign.se\/produkt\/fin-tunika-klanning-i-en-harlig-rod-farg\/"]}]},{"@type":"ImageObject","inLanguage":"en-US","@id":"https:\/\/stilanddesign.se\/produkt\/fin-tunika-klanning-i-en-harlig-rod-farg\/#primaryimage","url":"https:\/\/stilanddesign.se\/wp-content\/uploads\/2025\/09\/4131231211-rotated.jpg","contentUrl":"https:\/\/stilanddesign.se\/wp-content\/uploads\/2025\/09\/4131231211-rotated.jpg","width":480,"height":640,"caption":"Fin tunika\/kl\u00e4nning i r\u00f6tt med volanger"},{"@type":"BreadcrumbList","@id":"https:\/\/stilanddesign.se\/produkt\/fin-tunika-klanning-i-en-harlig-rod-farg\/#breadcrumb","itemListElement":[{"@type":"ListItem","position":1,"name":"Hem","item":"https:\/\/stilanddesign.se\/"},{"@type":"ListItem","position":2,"name":"Butiken","item":"https:\/\/stilanddesign.se\/butiken\/"},{"@type":"ListItem","position":3,"name":"Fin tunika\/kl\u00e4nning i en h\u00e4rlig r\u00f6d f\u00e4rg"}]},{"@type":"WebSite","@id":"https:\/\/stilanddesign.se\/#website","url":"https:\/\/stilanddesign.se\/","name":"Style &amp; Design","description":"For those of us who love fashion!","publisher":{"@id":"https:\/\/stilanddesign.se\/#organization"},"potentialAction":[{"@type":"SearchAction","target":{"@type":"EntryPoint","urlTemplate":"https:\/\/stilanddesign.se\/?s={search_term_string}"},"query-input":{"@type":"PropertyValueSpecification","valueRequired":true,"valueName":"search_term_string"}}],"inLanguage":"en-US"},{"@type":"Organization","@id":"https:\/\/stilanddesign.se\/#organization","name":"Style &amp; Design","url":"https:\/\/stilanddesign.se\/","logo":{"@type":"ImageObject","inLanguage":"en-US","@id":"https:\/\/stilanddesign.se\/#\/schema\/logo\/image\/","url":"https:\/\/stilanddesign.se\/wp-content\/uploads\/2023\/12\/output-onlinepngtools-e1727784413220.png","contentUrl":"https:\/\/stilanddesign.se\/wp-content\/uploads\/2023\/12\/output-onlinepngtools-e1727784413220.png","width":519,"height":135,"caption":"Stil &amp; Design"},"image":{"@id":"https:\/\/stilanddesign.se\/#\/schema\/logo\/image\/"}}]}},"_links":{"self":[{"href":"https:\/\/stilanddesign.se\/en\/wp-json\/wp\/v2\/product\/1047908","targetHints":{"allow":["GET"]}}],"collection":[{"href":"https:\/\/stilanddesign.se\/en\/wp-json\/wp\/v2\/product"}],"about":[{"href":"https:\/\/stilanddesign.se\/en\/wp-json\/wp\/v2\/types\/product"}],"replies":[{"embeddable":true,"href":"https:\/\/stilanddesign.se\/en\/wp-json\/wp\/v2\/comments?post=1047908"}],"wp:featuredmedia":[{"embeddable":true,"href":"https:\/\/stilanddesign.se\/en\/wp-json\/wp\/v2\/media\/1047905"}],"wp:attachment":[{"href":"https:\/\/stilanddesign.se\/en\/wp-json\/wp\/v2\/media?parent=1047908"}],"wp:term":[{"taxonomy":"product_brand","embeddable":true,"href":"https:\/\/stilanddesign.se\/en\/wp-json\/wp\/v2\/product_brand?post=1047908"},{"taxonomy":"product_cat","embeddable":true,"href":"https:\/\/stilanddesign.se\/en\/wp-json\/wp\/v2\/product_cat?post=1047908"},{"taxonomy":"product_tag","embeddable":true,"href":"https:\/\/stilanddesign.se\/en\/wp-json\/wp\/v2\/product_tag?post=1047908"}],"curies":[{"name":"wp","href":"https:\/\/api.w.org\/{rel}","templated":true}]}}

<!-- This site is optimized with the Yoast SEO Premium plugin v27.4 (Yoast SEO v27.5) - https://yoast.com/product/yoast-seo-premium-wordpress/ -->
<title>Fin tunika/klänning i en härlig röd färg - Stil &amp; Design</title>
<meta name="robots" content="index, follow, max-snippet:-1, max-image-preview:large, max-video-preview:-1" />
<link rel="canonical" href="https://stilanddesign.se/en/product/fin-tunika-klanning-i-en-harlig-rod-farg/" />
<meta property="og:locale" content="en_US" />
<meta property="og:type" content="article" />
<meta property="og:title" content="Fin tunika/klänning i en härlig röd färg" />
<meta property="og:description" content="Tunika/klänning i rött med volang framtill V-ringad framtill och en liten krage  Har en volangkant runt v-ringningen och en bit ner  Lång ärm med en volang i ärmslut  Längd från axel och ner är: 94 cm  One size,passar ca 34-42  Material:100% polyester  Tvättråd: 30 grader" />
<meta property="og:url" content="https://stilanddesign.se/en/product/fin-tunika-klanning-i-en-harlig-rod-farg/" />
<meta property="og:site_name" content="Stil &amp; Design" />
<meta property="article:modified_time" content="2025-12-22T12:24:29+00:00" />
<meta property="og:image" content="https://stilanddesign.se/wp-content/uploads/2025/09/4131231211-rotated.jpg" />
	<meta property="og:image:width" content="480" />
	<meta property="og:image:height" content="640" />
	<meta property="og:image:type" content="image/jpeg" />
<meta name="twitter:card" content="summary_large_image" />
<meta name="twitter:label1" content="Est. reading time" />
	<meta name="twitter:data1" content="1 minute" />
<script type="application/ld+json" class="yoast-schema-graph">{"@context":"https:\/\/schema.org","@graph":[{"@type":"WebPage","@id":"https:\/\/stilanddesign.se\/produkt\/fin-tunika-klanning-i-en-harlig-rod-farg\/","url":"https:\/\/stilanddesign.se\/produkt\/fin-tunika-klanning-i-en-harlig-rod-farg\/","name":"Fin tunika\/klänning i en härlig röd färg - Stil &amp; Design","isPartOf":{"@id":"https:\/\/stilanddesign.se\/#website"},"primaryImageOfPage":{"@id":"https:\/\/stilanddesign.se\/produkt\/fin-tunika-klanning-i-en-harlig-rod-farg\/#primaryimage"},"image":{"@id":"https:\/\/stilanddesign.se\/produkt\/fin-tunika-klanning-i-en-harlig-rod-farg\/#primaryimage"},"thumbnailUrl":"https:\/\/stilanddesign.se\/wp-content\/uploads\/2025\/09\/4131231211-rotated.jpg","datePublished":"2025-12-21T09:16:23+00:00","dateModified":"2025-12-22T12:24:29+00:00","breadcrumb":{"@id":"https:\/\/stilanddesign.se\/produkt\/fin-tunika-klanning-i-en-harlig-rod-farg\/#breadcrumb"},"inLanguage":"en-US","potentialAction":[{"@type":"ReadAction","target":["https:\/\/stilanddesign.se\/produkt\/fin-tunika-klanning-i-en-harlig-rod-farg\/"]}]},{"@type":"ImageObject","inLanguage":"en-US","@id":"https:\/\/stilanddesign.se\/produkt\/fin-tunika-klanning-i-en-harlig-rod-farg\/#primaryimage","url":"https:\/\/stilanddesign.se\/wp-content\/uploads\/2025\/09\/4131231211-rotated.jpg","contentUrl":"https:\/\/stilanddesign.se\/wp-content\/uploads\/2025\/09\/4131231211-rotated.jpg","width":480,"height":640,"caption":"Fin tunika\/klänning i rött med volanger"},{"@type":"BreadcrumbList","@id":"https:\/\/stilanddesign.se\/produkt\/fin-tunika-klanning-i-en-harlig-rod-farg\/#breadcrumb","itemListElement":[{"@type":"ListItem","position":1,"name":"Hem","item":"https:\/\/stilanddesign.se\/"},{"@type":"ListItem","position":2,"name":"Butiken","item":"https:\/\/stilanddesign.se\/butiken\/"},{"@type":"ListItem","position":3,"name":"Fin tunika\/klänning i en härlig röd färg"}]},{"@type":"WebSite","@id":"https:\/\/stilanddesign.se\/#website","url":"https:\/\/stilanddesign.se\/","name":"Stil &amp; Design","description":"För oss som älskar mode!","publisher":{"@id":"https:\/\/stilanddesign.se\/#organization"},"potentialAction":[{"@type":"SearchAction","target":{"@type":"EntryPoint","urlTemplate":"https:\/\/stilanddesign.se\/?s={search_term_string}"},"query-input":{"@type":"PropertyValueSpecification","valueRequired":true,"valueName":"search_term_string"}}],"inLanguage":"en-US"},{"@type":"Organization","@id":"https:\/\/stilanddesign.se\/#organization","name":"Stil &amp; Design","url":"https:\/\/stilanddesign.se\/","logo":{"@type":"ImageObject","inLanguage":"en-US","@id":"https:\/\/stilanddesign.se\/#\/schema\/logo\/image\/","url":"https:\/\/stilanddesign.se\/wp-content\/uploads\/2023\/12\/output-onlinepngtools-e1727784413220.png","contentUrl":"https:\/\/stilanddesign.se\/wp-content\/uploads\/2023\/12\/output-onlinepngtools-e1727784413220.png","width":519,"height":135,"caption":"Stil &amp; Design"},"image":{"@id":"https:\/\/stilanddesign.se\/#\/schema\/logo\/image\/"}}]}</script>
<!-- / Yoast SEO Premium plugin. -->

Fin tunika/klänning i en härlig röd färg - Stil &amp; Design

Fin tunika/klänning i en härlig röd färg

Tunika/klänning i rött med volang framtill V-ringad framtill och en liten krage  Har en volangkant runt v-ringningen och en bit ner  Lång ärm med en volang i ärmslut  Längd från axel och ner är: 94 cm  One size,passar ca 34-42  Material:100% polyester  Tvättråd: 30 grader

Fin tunika/klänning i rött med volanger
