{"id":1000054,"date":"2024-11-08T16:29:04","date_gmt":"2024-11-08T15:29:04","guid":{"rendered":"https:\/\/stilanddesign.se\/?post_type=product&#038;p=1000054"},"modified":"2024-11-08T18:35:11","modified_gmt":"2024-11-08T17:35:11","slug":"mjuk-topp-med-smock-nertill","status":"publish","type":"product","link":"https:\/\/stilanddesign.se\/en\/product\/mjuk-topp-med-smock-nertill\/","title":{"rendered":"Soft Top with Smock Hem"},"content":{"rendered":"<h1><strong>Soft Top with Smock Hem<\/strong><\/h1>\n<p>Toppen har smock nertill och mudd i \u00e4rmen<\/p>\n<p>Fint print i bl\u00e5tt och beige och nougat<\/p>\n<p>Rounded neck<\/p>\n<p>Material; 95% polyester 5% elastane<\/p>\n<p>Washing instructions: 30 degrees<\/p>\n<h1><strong>\u00a0<\/strong><\/h1>\n<p>&nbsp;<\/p>\n<p>&nbsp;<\/p>\n<p>&nbsp;<\/p>\n<p>&nbsp;<\/p>","protected":false},"excerpt":{"rendered":"<h1><strong>Soft Top with Smock Hem<\/strong><\/h1>\n<p>Toppen har smock nertill och mudd i \u00e4rmen<\/p>\n<p>Fint print i bl\u00e5tt och beige och nougat<\/p>\n<p>Rounded neck<\/p>\n<p>Material; 95% polyester 5% elastane<\/p>\n<p>Washing instructions: 30 degrees<\/p>\n<p>&nbsp;<\/p>","protected":false},"featured_media":1000123,"comment_status":"closed","ping_status":"closed","template":"","meta":[],"product_brand":[],"product_cat":[211,209,222],"product_tag":[],"class_list":{"0":"post-1000054","1":"product","2":"type-product","3":"status-publish","4":"has-post-thumbnail","6":"product_cat-blusar","7":"product_cat-reaprodukter","8":"product_cat-toppar-tischor","10":"first","11":"outofstock","12":"taxable","13":"shipping-taxable","14":"purchasable","15":"product-type-variable"},"yoast_head":"<!-- This site is optimized with the Yoast SEO Premium plugin v27.4 (Yoast SEO v27.5) - https:\/\/yoast.com\/product\/yoast-seo-premium-wordpress\/ -->\n<title>Mjuk Topp med Smock Nertill - Stil &amp; Design<\/title>\n<meta name=\"robots\" content=\"index, follow, max-snippet:-1, max-image-preview:large, max-video-preview:-1\" \/>\n<link rel=\"canonical\" href=\"https:\/\/stilanddesign.se\/en\/product\/mjuk-topp-med-smock-nertill\/\" \/>\n<meta property=\"og:locale\" content=\"en_US\" \/>\n<meta property=\"og:type\" content=\"article\" \/>\n<meta property=\"og:title\" content=\"Mjuk Topp med Smock Nertill\" \/>\n<meta property=\"og:description\" content=\"Mjuk Topp med Smock Nertill Toppen har smock nertill och mudd i \u00e4rmen  Fint print i bl\u00e5tt och beige och nougat  Rundad hals  Material; 95% polyester 5% elastan  Tv\u00e4ttr\u00e5d; 30 grader  &nbsp;\" \/>\n<meta property=\"og:url\" content=\"https:\/\/stilanddesign.se\/en\/product\/mjuk-topp-med-smock-nertill\/\" \/>\n<meta property=\"og:site_name\" content=\"Stil &amp; Design\" \/>\n<meta property=\"article:modified_time\" content=\"2024-11-08T17:35:11+00:00\" \/>\n<meta property=\"og:image\" content=\"https:\/\/stilanddesign.se\/wp-content\/uploads\/2024\/11\/IMG_8516.jpeg\" \/>\n\t<meta property=\"og:image:width\" content=\"1476\" \/>\n\t<meta property=\"og:image:height\" content=\"2130\" \/>\n\t<meta property=\"og:image:type\" content=\"image\/jpeg\" \/>\n<meta name=\"twitter:card\" content=\"summary_large_image\" \/>\n<meta name=\"twitter:label1\" content=\"Est. reading time\" \/>\n\t<meta name=\"twitter:data1\" content=\"1 minute\" \/>\n<script type=\"application\/ld+json\" class=\"yoast-schema-graph\">{\"@context\":\"https:\\\/\\\/schema.org\",\"@graph\":[{\"@type\":\"WebPage\",\"@id\":\"https:\\\/\\\/stilanddesign.se\\\/produkt\\\/mjuk-topp-med-smock-nertill\\\/\",\"url\":\"https:\\\/\\\/stilanddesign.se\\\/produkt\\\/mjuk-topp-med-smock-nertill\\\/\",\"name\":\"Mjuk Topp med Smock Nertill - Stil &amp; Design\",\"isPartOf\":{\"@id\":\"https:\\\/\\\/stilanddesign.se\\\/#website\"},\"primaryImageOfPage\":{\"@id\":\"https:\\\/\\\/stilanddesign.se\\\/produkt\\\/mjuk-topp-med-smock-nertill\\\/#primaryimage\"},\"image\":{\"@id\":\"https:\\\/\\\/stilanddesign.se\\\/produkt\\\/mjuk-topp-med-smock-nertill\\\/#primaryimage\"},\"thumbnailUrl\":\"https:\\\/\\\/stilanddesign.se\\\/wp-content\\\/uploads\\\/2024\\\/11\\\/IMG_8516.jpeg\",\"datePublished\":\"2024-11-08T15:29:04+00:00\",\"dateModified\":\"2024-11-08T17:35:11+00:00\",\"breadcrumb\":{\"@id\":\"https:\\\/\\\/stilanddesign.se\\\/produkt\\\/mjuk-topp-med-smock-nertill\\\/#breadcrumb\"},\"inLanguage\":\"en-US\",\"potentialAction\":[{\"@type\":\"ReadAction\",\"target\":[\"https:\\\/\\\/stilanddesign.se\\\/produkt\\\/mjuk-topp-med-smock-nertill\\\/\"]}]},{\"@type\":\"ImageObject\",\"inLanguage\":\"en-US\",\"@id\":\"https:\\\/\\\/stilanddesign.se\\\/produkt\\\/mjuk-topp-med-smock-nertill\\\/#primaryimage\",\"url\":\"https:\\\/\\\/stilanddesign.se\\\/wp-content\\\/uploads\\\/2024\\\/11\\\/IMG_8516.jpeg\",\"contentUrl\":\"https:\\\/\\\/stilanddesign.se\\\/wp-content\\\/uploads\\\/2024\\\/11\\\/IMG_8516.jpeg\",\"width\":1476,\"height\":2130},{\"@type\":\"BreadcrumbList\",\"@id\":\"https:\\\/\\\/stilanddesign.se\\\/produkt\\\/mjuk-topp-med-smock-nertill\\\/#breadcrumb\",\"itemListElement\":[{\"@type\":\"ListItem\",\"position\":1,\"name\":\"Hem\",\"item\":\"https:\\\/\\\/stilanddesign.se\\\/\"},{\"@type\":\"ListItem\",\"position\":2,\"name\":\"Butiken\",\"item\":\"https:\\\/\\\/stilanddesign.se\\\/butiken\\\/\"},{\"@type\":\"ListItem\",\"position\":3,\"name\":\"Mjuk Topp med Smock Nertill\"}]},{\"@type\":\"WebSite\",\"@id\":\"https:\\\/\\\/stilanddesign.se\\\/#website\",\"url\":\"https:\\\/\\\/stilanddesign.se\\\/\",\"name\":\"Stil &amp; Design\",\"description\":\"F\u00f6r oss som \u00e4lskar mode!\",\"publisher\":{\"@id\":\"https:\\\/\\\/stilanddesign.se\\\/#organization\"},\"potentialAction\":[{\"@type\":\"SearchAction\",\"target\":{\"@type\":\"EntryPoint\",\"urlTemplate\":\"https:\\\/\\\/stilanddesign.se\\\/?s={search_term_string}\"},\"query-input\":{\"@type\":\"PropertyValueSpecification\",\"valueRequired\":true,\"valueName\":\"search_term_string\"}}],\"inLanguage\":\"en-US\"},{\"@type\":\"Organization\",\"@id\":\"https:\\\/\\\/stilanddesign.se\\\/#organization\",\"name\":\"Stil &amp; Design\",\"url\":\"https:\\\/\\\/stilanddesign.se\\\/\",\"logo\":{\"@type\":\"ImageObject\",\"inLanguage\":\"en-US\",\"@id\":\"https:\\\/\\\/stilanddesign.se\\\/#\\\/schema\\\/logo\\\/image\\\/\",\"url\":\"https:\\\/\\\/stilanddesign.se\\\/wp-content\\\/uploads\\\/2023\\\/12\\\/output-onlinepngtools-e1727784413220.png\",\"contentUrl\":\"https:\\\/\\\/stilanddesign.se\\\/wp-content\\\/uploads\\\/2023\\\/12\\\/output-onlinepngtools-e1727784413220.png\",\"width\":519,\"height\":135,\"caption\":\"Stil &amp; Design\"},\"image\":{\"@id\":\"https:\\\/\\\/stilanddesign.se\\\/#\\\/schema\\\/logo\\\/image\\\/\"}}]}<\/script>\n<!-- \/ Yoast SEO Premium plugin. -->","yoast_head_json":{"title":"Mjuk Topp med Smock Nertill - Stil &amp; Design","robots":{"index":"index","follow":"follow","max-snippet":"max-snippet:-1","max-image-preview":"max-image-preview:large","max-video-preview":"max-video-preview:-1"},"canonical":"https:\/\/stilanddesign.se\/en\/product\/mjuk-topp-med-smock-nertill\/","og_locale":"en_US","og_type":"article","og_title":"Mjuk Topp med Smock Nertill","og_description":"Mjuk Topp med Smock Nertill Toppen har smock nertill och mudd i \u00e4rmen  Fint print i bl\u00e5tt och beige och nougat  Rundad hals  Material; 95% polyester 5% elastan  Tv\u00e4ttr\u00e5d; 30 grader  &nbsp;","og_url":"https:\/\/stilanddesign.se\/en\/product\/mjuk-topp-med-smock-nertill\/","og_site_name":"Stil &amp; Design","article_modified_time":"2024-11-08T17:35:11+00:00","og_image":[{"width":1476,"height":2130,"url":"https:\/\/stilanddesign.se\/wp-content\/uploads\/2024\/11\/IMG_8516.jpeg","type":"image\/jpeg"}],"twitter_card":"summary_large_image","twitter_misc":{"Est. reading time":"1 minute"},"schema":{"@context":"https:\/\/schema.org","@graph":[{"@type":"WebPage","@id":"https:\/\/stilanddesign.se\/produkt\/mjuk-topp-med-smock-nertill\/","url":"https:\/\/stilanddesign.se\/produkt\/mjuk-topp-med-smock-nertill\/","name":"Mjuk Topp med Smock Nertill - Stil &amp; Design","isPartOf":{"@id":"https:\/\/stilanddesign.se\/#website"},"primaryImageOfPage":{"@id":"https:\/\/stilanddesign.se\/produkt\/mjuk-topp-med-smock-nertill\/#primaryimage"},"image":{"@id":"https:\/\/stilanddesign.se\/produkt\/mjuk-topp-med-smock-nertill\/#primaryimage"},"thumbnailUrl":"https:\/\/stilanddesign.se\/wp-content\/uploads\/2024\/11\/IMG_8516.jpeg","datePublished":"2024-11-08T15:29:04+00:00","dateModified":"2024-11-08T17:35:11+00:00","breadcrumb":{"@id":"https:\/\/stilanddesign.se\/produkt\/mjuk-topp-med-smock-nertill\/#breadcrumb"},"inLanguage":"en-US","potentialAction":[{"@type":"ReadAction","target":["https:\/\/stilanddesign.se\/produkt\/mjuk-topp-med-smock-nertill\/"]}]},{"@type":"ImageObject","inLanguage":"en-US","@id":"https:\/\/stilanddesign.se\/produkt\/mjuk-topp-med-smock-nertill\/#primaryimage","url":"https:\/\/stilanddesign.se\/wp-content\/uploads\/2024\/11\/IMG_8516.jpeg","contentUrl":"https:\/\/stilanddesign.se\/wp-content\/uploads\/2024\/11\/IMG_8516.jpeg","width":1476,"height":2130},{"@type":"BreadcrumbList","@id":"https:\/\/stilanddesign.se\/produkt\/mjuk-topp-med-smock-nertill\/#breadcrumb","itemListElement":[{"@type":"ListItem","position":1,"name":"Hem","item":"https:\/\/stilanddesign.se\/"},{"@type":"ListItem","position":2,"name":"Butiken","item":"https:\/\/stilanddesign.se\/butiken\/"},{"@type":"ListItem","position":3,"name":"Mjuk Topp med Smock Nertill"}]},{"@type":"WebSite","@id":"https:\/\/stilanddesign.se\/#website","url":"https:\/\/stilanddesign.se\/","name":"Style &amp; Design","description":"For those of us who love fashion!","publisher":{"@id":"https:\/\/stilanddesign.se\/#organization"},"potentialAction":[{"@type":"SearchAction","target":{"@type":"EntryPoint","urlTemplate":"https:\/\/stilanddesign.se\/?s={search_term_string}"},"query-input":{"@type":"PropertyValueSpecification","valueRequired":true,"valueName":"search_term_string"}}],"inLanguage":"en-US"},{"@type":"Organization","@id":"https:\/\/stilanddesign.se\/#organization","name":"Style &amp; Design","url":"https:\/\/stilanddesign.se\/","logo":{"@type":"ImageObject","inLanguage":"en-US","@id":"https:\/\/stilanddesign.se\/#\/schema\/logo\/image\/","url":"https:\/\/stilanddesign.se\/wp-content\/uploads\/2023\/12\/output-onlinepngtools-e1727784413220.png","contentUrl":"https:\/\/stilanddesign.se\/wp-content\/uploads\/2023\/12\/output-onlinepngtools-e1727784413220.png","width":519,"height":135,"caption":"Stil &amp; Design"},"image":{"@id":"https:\/\/stilanddesign.se\/#\/schema\/logo\/image\/"}}]}},"_links":{"self":[{"href":"https:\/\/stilanddesign.se\/en\/wp-json\/wp\/v2\/product\/1000054","targetHints":{"allow":["GET"]}}],"collection":[{"href":"https:\/\/stilanddesign.se\/en\/wp-json\/wp\/v2\/product"}],"about":[{"href":"https:\/\/stilanddesign.se\/en\/wp-json\/wp\/v2\/types\/product"}],"replies":[{"embeddable":true,"href":"https:\/\/stilanddesign.se\/en\/wp-json\/wp\/v2\/comments?post=1000054"}],"wp:featuredmedia":[{"embeddable":true,"href":"https:\/\/stilanddesign.se\/en\/wp-json\/wp\/v2\/media\/1000123"}],"wp:attachment":[{"href":"https:\/\/stilanddesign.se\/en\/wp-json\/wp\/v2\/media?parent=1000054"}],"wp:term":[{"taxonomy":"product_brand","embeddable":true,"href":"https:\/\/stilanddesign.se\/en\/wp-json\/wp\/v2\/product_brand?post=1000054"},{"taxonomy":"product_cat","embeddable":true,"href":"https:\/\/stilanddesign.se\/en\/wp-json\/wp\/v2\/product_cat?post=1000054"},{"taxonomy":"product_tag","embeddable":true,"href":"https:\/\/stilanddesign.se\/en\/wp-json\/wp\/v2\/product_tag?post=1000054"}],"curies":[{"name":"wp","href":"https:\/\/api.w.org\/{rel}","templated":true}]}}

<h1><strong>Soft Top with Smock Hem</strong></h1>
<p>Toppen har smock nertill och mudd i ärmen</p>
<p>Fint print i blått och beige och nougat</p>
<p>Rounded neck</p>
<p>Material; 95% polyester 5% elastane</p>
<p>Washing instructions: 30 degrees</p>
<h1><strong> </strong></h1>
<p>&nbsp;</p>
<p>&nbsp;</p>
<p>&nbsp;</p>
<p>&nbsp;</p>

<h1><strong>Soft Top with Smock Hem</strong></h1>
<p>Toppen har smock nertill och mudd i ärmen</p>
<p>Fint print i blått och beige och nougat</p>
<p>Rounded neck</p>
<p>Material; 95% polyester 5% elastane</p>
<p>Washing instructions: 30 degrees</p>
<p>&nbsp;</p>

<!-- This site is optimized with the Yoast SEO Premium plugin v27.4 (Yoast SEO v27.5) - https://yoast.com/product/yoast-seo-premium-wordpress/ -->
<title>Mjuk Topp med Smock Nertill - Stil &amp; Design</title>
<meta name="robots" content="index, follow, max-snippet:-1, max-image-preview:large, max-video-preview:-1" />
<link rel="canonical" href="https://stilanddesign.se/en/product/mjuk-topp-med-smock-nertill/" />
<meta property="og:locale" content="en_US" />
<meta property="og:type" content="article" />
<meta property="og:title" content="Mjuk Topp med Smock Nertill" />
<meta property="og:description" content="Mjuk Topp med Smock Nertill Toppen har smock nertill och mudd i ärmen  Fint print i blått och beige och nougat  Rundad hals  Material; 95% polyester 5% elastan  Tvättråd; 30 grader  &nbsp;" />
<meta property="og:url" content="https://stilanddesign.se/en/product/mjuk-topp-med-smock-nertill/" />
<meta property="og:site_name" content="Stil &amp; Design" />
<meta property="article:modified_time" content="2024-11-08T17:35:11+00:00" />
<meta property="og:image" content="https://stilanddesign.se/wp-content/uploads/2024/11/IMG_8516.jpeg" />
	<meta property="og:image:width" content="1476" />
	<meta property="og:image:height" content="2130" />
	<meta property="og:image:type" content="image/jpeg" />
<meta name="twitter:card" content="summary_large_image" />
<meta name="twitter:label1" content="Est. reading time" />
	<meta name="twitter:data1" content="1 minute" />
<script type="application/ld+json" class="yoast-schema-graph">{"@context":"https:\/\/schema.org","@graph":[{"@type":"WebPage","@id":"https:\/\/stilanddesign.se\/produkt\/mjuk-topp-med-smock-nertill\/","url":"https:\/\/stilanddesign.se\/produkt\/mjuk-topp-med-smock-nertill\/","name":"Mjuk Topp med Smock Nertill - Stil &amp; Design","isPartOf":{"@id":"https:\/\/stilanddesign.se\/#website"},"primaryImageOfPage":{"@id":"https:\/\/stilanddesign.se\/produkt\/mjuk-topp-med-smock-nertill\/#primaryimage"},"image":{"@id":"https:\/\/stilanddesign.se\/produkt\/mjuk-topp-med-smock-nertill\/#primaryimage"},"thumbnailUrl":"https:\/\/stilanddesign.se\/wp-content\/uploads\/2024\/11\/IMG_8516.jpeg","datePublished":"2024-11-08T15:29:04+00:00","dateModified":"2024-11-08T17:35:11+00:00","breadcrumb":{"@id":"https:\/\/stilanddesign.se\/produkt\/mjuk-topp-med-smock-nertill\/#breadcrumb"},"inLanguage":"en-US","potentialAction":[{"@type":"ReadAction","target":["https:\/\/stilanddesign.se\/produkt\/mjuk-topp-med-smock-nertill\/"]}]},{"@type":"ImageObject","inLanguage":"en-US","@id":"https:\/\/stilanddesign.se\/produkt\/mjuk-topp-med-smock-nertill\/#primaryimage","url":"https:\/\/stilanddesign.se\/wp-content\/uploads\/2024\/11\/IMG_8516.jpeg","contentUrl":"https:\/\/stilanddesign.se\/wp-content\/uploads\/2024\/11\/IMG_8516.jpeg","width":1476,"height":2130},{"@type":"BreadcrumbList","@id":"https:\/\/stilanddesign.se\/produkt\/mjuk-topp-med-smock-nertill\/#breadcrumb","itemListElement":[{"@type":"ListItem","position":1,"name":"Hem","item":"https:\/\/stilanddesign.se\/"},{"@type":"ListItem","position":2,"name":"Butiken","item":"https:\/\/stilanddesign.se\/butiken\/"},{"@type":"ListItem","position":3,"name":"Mjuk Topp med Smock Nertill"}]},{"@type":"WebSite","@id":"https:\/\/stilanddesign.se\/#website","url":"https:\/\/stilanddesign.se\/","name":"Stil &amp; Design","description":"För oss som älskar mode!","publisher":{"@id":"https:\/\/stilanddesign.se\/#organization"},"potentialAction":[{"@type":"SearchAction","target":{"@type":"EntryPoint","urlTemplate":"https:\/\/stilanddesign.se\/?s={search_term_string}"},"query-input":{"@type":"PropertyValueSpecification","valueRequired":true,"valueName":"search_term_string"}}],"inLanguage":"en-US"},{"@type":"Organization","@id":"https:\/\/stilanddesign.se\/#organization","name":"Stil &amp; Design","url":"https:\/\/stilanddesign.se\/","logo":{"@type":"ImageObject","inLanguage":"en-US","@id":"https:\/\/stilanddesign.se\/#\/schema\/logo\/image\/","url":"https:\/\/stilanddesign.se\/wp-content\/uploads\/2023\/12\/output-onlinepngtools-e1727784413220.png","contentUrl":"https:\/\/stilanddesign.se\/wp-content\/uploads\/2023\/12\/output-onlinepngtools-e1727784413220.png","width":519,"height":135,"caption":"Stil &amp; Design"},"image":{"@id":"https:\/\/stilanddesign.se\/#\/schema\/logo\/image\/"}}]}</script>
<!-- / Yoast SEO Premium plugin. -->

Mjuk Topp med Smock Nertill Toppen har smock nertill och mudd i ärmen  Fint print i blått och beige och nougat  Rundad hals  Material; 95% polyester 5% elastan  Tvättråd; 30 grader  &nbsp;
